divided by 1291?
739
What is the remainder when 54204783 is divided by 917?
913
Calculate the remainder when 255332325 is divided by 3905.
3900
What is the remainder when 8282 is divided by 1394?
1312
Calculate the remainder when 4443904 is divided by 2221910.
84
What is the remainder when 296633 is divided by 48?
41
What is the remainder when 4427810 is divided by 885560?
10
What is the remainder when 1291 is divided by 227?
156
Calculate the remainder when 17183738 is divided by 6388.
18
Calculate the remainder when 6540326 is divided by 113.
112
What is the remainder when 10315524 is divided by 31354?
58
What is the remainder when 909472 is divided by 2465?
2352
What is the remainder when 68270 is divided by 4014?
32
What is the remainder when 1140018 is divided by 1380?
138
Calculate the remainder when 39363305 is divided by 65171.
21
What is the remainder when 6733 is divided by 1087?
211
Calculate the remainder when 93257 is divided by 2067.
242
Calculate the remainder when 3420938 is divided by 68.
62
What is the remainder when 15393 is divided by 11959?
3434
Calculate the remainder when 22607764 is divided by 90431.
14
What is the remainder when 48351793 is divided by 324?
301
Calculate the remainder when 98997 is divided by 1439.
1145
What is the remainder when 160923861 is divided by 182?
7
Calculate the remainder when 98976370 is divided by 7275.
7270
What is the remainder when 1242410 is divided by 310588?
58
Calculate the remainder when 38764192 is divided by 98.
96
What is the remainder when 79519 is divided by 220?
99
What is the remainder when 11081329 is divided by 2770328?
17
What is the remainder when 114443915 is divided by 58?
55
What is the remainder when 47879543 is divided by 1591?
1580
What is the remainder when 4107853 is divided by 93357?
145
Calculate the remainder when 489736 is divided by 54415.
1
Calculate the remainder when 285479 is divided by 3164.
719
What is the remainder when 122253 is divided by 117?
105
Calculate the remainder when 24408 is divided by 3473.
97
What is the remainder when 110531 is divided by 34?
31
What is the remainder when 667147 is divided by 2061?
1444
Calculate the remainder when 32657 is divided by 8042.
489
What is the remainder when 835637 is divided by 21423?
140
What is the remainder when 26314 is divided by 110?
24
What is the remainder when 27569 is divided by 27560?
9
Calculate the remainder when 2770893 is divided by 17.
12
Calculate the remainder when 422382 is divided by 211176.
30
What is the remainder when 838883 is divided by 1091?
995
Calculate the remainder when 112930 is divided by 56440.
50
Calculate the remainder when 525723 is divided by 334.
7
What is the remainder when 277128 is divided by 1054?
980
What is the remainder when 14558789 is divided by 4852929?
2
What is the remainder when 163296 is divided by 161888?
1408
Calculate the remainder when 39991 is divided by 38026.
1965
What is the remainder when 9555432 is divided by 4777699?
34
Calculate the remainder when 5845458 is divided by 331.
329
What is the remainder when 6213613 is divided by 146?
145
What is the remainder when 2967 is divided by 1080?
807
What is the remainder when 137622 is divided by 7132?
2114
Calculate the remainder when 581760 is divided by 578909.
2851
What is the remainder when 1917279 is divided by 920?
919
What is the remainder when 342187 is divided by 13686?
37
Calculate the remainder when 8119 is divided by 744.
679
What is the remainder when 1639193 is divided by 182127?
50
Calculate the remainder when 514670 is divided by 57185.
5
Calculate the remainder when 10327 is divided by 3195.
742
Calculate the remainder when 229479 is divided by 32709.
516
Calculate the remainder when 154666506 is divided by 3016.
3010
Calculate the remainder when 641035 is divided by 424.
371
Calculate the remainder when 217523943 is divided by 232895.
13
Calculate the remainder when 28616 is divided by 13778.
1060
Calculate the remainder when 36141497 is divided by 4100.
4097
What is the remainder when 10311048 is divided by 19?
14
Calculate the remainder when 2290253 is divided by 324.
221
Calculate the remainder when 1334611 is divided by 659.
136
What is the remainder when 15900370 is divided by 461?
19
Calculate the remainder when 107384 is divided by 107361.
23
Calculate the remainder when 286151 is divided by 524.
47
What is the remainder when 90794 is divided by 2665?
184
Calculate the remainder when 136977807 is divided by 484.
483
What is the remainder when 7206672 is divided by 58?
56
What is the remainder when 422226 is divided by 211082?
62
What is the remainder when 199805 is divided by 49926?
101
Calculate the remainder when 67299518 is divided by 6080.
6078
What is the remainder when 52358 is divided by 1374?
146
Calculate the remainder when 311809 is divided by 85.
29
Calculate the remainder when 38635 is divided by 7567.
800
Calculate the remainder when 6457417 is divided by 807159.
145
Calculate the remainder when 1481198 is divided by 51074.
52
Calculate the remainder when 52244 is divided by 1864.
52
What is the remainder when 536109 is divided by 4037?
3225
What is the remainder when 3661035 is divided by 1220322?
69
Calculate the remainder when 309250 is divided by 1240.
490
Calculate the remainder when 149599 is divided by 7546.
6225
What is the remainder when 82652797 is divided by 19235?
2
What is the remainder when 210222048 is divided by 3969?
3963
Calculate the remainder when 43773 is divided by 1941.
1071
Calculate the remainder when 184589 is divided by 4856.
61
What is the remainder when 35871807 is divided by 11490?
27
Calculate the remainder when 43825358 is divided by 26071.
7
Calculate the remainder when 82996 is divided by 1929.
49
Calculate the remainder when 10623196 is divided by 559.
519
What is the remainder when 293330 is divided by 7521?
11
Calculate the remainder when 13943227 is divided by 1991889.
4
What is the remainder when 12891645 is divided by 52?
13
What is the remainder when 523397502 is divided by 449?
447
What is the remainder when 357856 is divided by 1269?
1267
What is the remainder when 4727500 is divided by 148?
84
Calculate the remainder when 181085 is divided by 182.
177
What is the remainder when 1296193 is divided by 117834?
19
Calculate the remainder when 2419013 is divided by 1767.
1757
What is the remainder when 2308 is divided by 935?
438
Calculate the remainder when 183460633 is divided by 14.
13
What is the remainder when 2282802 is divided by 264?
258
What is the remainder when 133487 is divided by 7852?
3
What is the remainder when 2577898 is divided by 5385?
3868
Calculate the remainder when 19959 is divided by 105.
9
What is the remainder when 29630 is divided by 853?
628
What is the remainder when 53106309 is divided by 10?
9
What is the remainder when 39313 is divided by 770?
43
Calculate the remainder when 277982 is divided by 138374.
1234
Calculate the remainder when 284481820 is divided by 56896364.
0
Calculate the remainder when 25473787 is divided by 1393.
1389
Calculate the remainder when 2175178 is divided by 56.
26
What is the remainder when 24606352 is divided by 384473?
80
What is the remainder when 976843 is divided by 213?
25
What is the remainder when 105032448 is divided by 36?
0
Calculate the remainder when 10770 is divided by 315.
60
Calculate the remainder when 100349 is divided by 50074.
201
What is the remainder when 57645 is divided by 247?
94
What is the remainder when 52308 is divided by 470?
138
What is the remainder when 106390 is divided by 788?
10
What is the remainder when 2921103 is divided by 64912?
63
Calculate the remainder when 585475 is divided by 116842.
1265
What is the remainder when 11545155 is divided by 1924189?
21
What is the remainder when 7679735 is divided by 4?
3
What is the remainder when 357928 is divided by 357873?
55
What is the remainder when 650573 is divided by 1712?
13
Calculate the remainder when 53564545 is divided by 32.
1
Calculate the remainder when 136166 is divided by 21648.
6278
What is the remainder when 60502 is divided by 19488?
2038
What is the remainder when 10366996 is divided by 1480997?
17
What is the remainder when 1764381 is divided by 196038?
39
What is